
What is -4 + -1 - (-5 - -1)?
-1
Evaluate (6 - 19) + 7 - -3.
-3
What is (-10 - 3) + 10 + (-3 - -1)?
-5
Evaluate 0 - (2 + -3 - 3).
4
What is the value of 122 + -125 - (1 - -4)?
-8
What is the value of 5 + 2 + (-13 - -5)?
-1
Calculate 2 + 2 + -2 + 0 - 4.
-2
What is the value of -2 + (2 - -2) - 1?
1
What is (-7 - -9) + -2 + (-3 - 1)?
-4
Calculate (-2 - 0) + 2 + (5 - 1).
4
-2 - (5 + -1 - (-12 + 16))
-2
Evaluate 2 - (-1 + -8 - -4).
7
(-14 - -6) + 2 + 17
11
What is the value of 3 + -3 + 4 + 0?
4
Calculate 6 + 1 - (-41 - -50).
-2
What is the value of -18 - -15 - (0 - (8 + 2))?
7
What is ((-8 - -3) + 1 - -3) + -5?
-6
What is the value of -1 - ((2 - (-1 - 0)) + -8)?
4
What is 2 + -1 + -1 + 3 + -2?
1
Calculate 11 - 17 - (0 - 0).
-6
Evaluate (-3 - -9) + -4 - (3 - -1).
-2
Evaluate -57 + 63 - (13 - (1 + 1)).
-5
Evaluate (-1 - 1) + (-3 + 1 - 4).
-8
What is the value of (0 - 0) + (5 - (0 - -3))?
2
Evaluate 0 + -5 + 1 - (-97 + 94).
-1
Calculate -33 - -36 - (-10 + 4).
9
-3 + -15 - -26 - (1 + -2)
9
2 + -5 + -1 + 5
1
What is the value of (1 - -2) + (1 - -12) + -10?
6
Evaluate 5 - ((1 - 1) + (-4 - -9)).
0
What is the value of 1 + (-2 - -1) + -1 + 3?
2
What is the value of (-4 - -1) + 1 + -1?
-3
Calculate 2 - (-3 + 3 - -1) - 1.
0
What is the value of 6 - (6 - (0 + 1 - 2))?
-1
4 + -13 + 5 - -3
-1
Calculate 4 - (29 + -15 - 4).
-6
6 - ((-4 - 1) + 11)
0
What is the value of -4 - (2 - 11) - (1 + 1)?
3
What is the value of -3 + (4 - 6) + 9 + -7?
-3
Evaluate -8 - (-23 - -9) - 0.
6
What is -4 - (2 - (1 - -1 - -3))?
-1
3 - 2 - (1 + (4 - 2))
-2
Calculate 11 + (16 - 12 - 10).
5
-6 + (7 - 0) - 6
-5
What is -6 - (-6 - -12 - 7)?
-5
Evaluate -28 + 21 - (-6 - -1).
-2
14 - (-1 + 6 + 3)
6
What is (1 - 4) + 7 + -5 + 0?
-1
Calculate -9 - -4 - -5 - (0 + -4).
4
10 - (-6 + 4 + 5 - -4)
3
What is the value of 1 - ((-1 - 0) + -9 + 7)?
4
What is 10 + -10 - (1 - (1 - -2))?
2
Calculate -1 - (-2 + -5 + 2).
4
What is 2 - (0 + -9 + 4)?
7
3 + -7 - -1 - (1 + -3)
-1
11 - (10 + -9 + 3)
7
Evaluate -6 - (7 + -10 + -7).
4
What is (24 - 30) + (-2 - -8)?
0
What is -5 + (-3 + -2 - -5)?
-5
-5 - (2 - (-7 - -17))
3
Calculate -1 + 1 + 6 + -1.
5
Calculate -2 + 0 + -58 + 59.
-1
Evaluate -10 - (-4 - (9 - 10)).
-7
Evaluate (-36 - -34) + (1 - -8).
7
What is 0 + (-6 - -3 - 0)?
-3
-82 + 73 - (-5 + (-1 - -2))
-5
What is the value of (4 + -10 - -2) + -1?
-5
Evaluate (3 - -1) + -4 + 2.
2
What is the value of -44 + 48 - (-1 - -3 - 1)?
3
What is 0 + 4 + 4 - 11?
-3
Calculate (-7 - -11) + -4 + -6.
-6
Calculate -1 + 1 + (-4 + 4 - -1).
1
Evaluate -5 + -1 - (-33 + 27).
0
Evaluate -13 - (-9 + 0) - (-4 - -8).
-8
Evaluate 3 + 2 + -2 - 1.
2
Evaluate -1 - -6 - 3 - (-6 - -1).
7
Calculate 0 + (-3 - -9) + -5.
1
What is the value of 0 - -2 - ((13 - 5) + -9)?
3
Evaluate 8 - (-7 - -7) - 4 - 6.
-2
(3 + -3 - -3) + -3
0
What is -15 + 14 + -1 + -2?
-4
-3 - -8 - (-3 - (3 + -11))
0
What is the value of 4 + (1 - 9) + 10?
6
What is -1 + (17 - 4) + 0 + -6?
6
What is the value of -1 + (6 - 2) + (6 - 10)?
-1
Calculate (1 - 1) + 1 - (0 + 1).
0
Evaluate 3 + 1 - 2 - 4.
-2
Evaluate 61 + -64 + 4 + 1.
2
What is -2 + (2 - (2 - 2))?
0
What is -3 - ((-5 + 7 - 5) + -7)?
7
Evaluate (4 - 5 - -1) + 3.
3
Evaluate -9 + 11 + (-20 - -12).
-6
What is the value of -7 + (2 + -2 + -1 - -14)?
6
-4 - (0 + 4 + -8 + 1)
-1
Evaluate 0 - -5 - (-9 + 9).
5
Calculate 8 - (11 + -4) - 3.
-2
What is 1 - ((-1 - 5) + (-9 - -11))?
5
Calculate -4 - (10 + -15 - 3).
4
Calculate 1 - (-5 - -3) - (0 + 0).
3
Calculate 2 + 3 - (4 + 3).
-2
Calculate 0 - (2 + 11) - -22.
9
What is 3 - (-1 + (3 - 1)) - 6?
-4
What is 0 + (8 - 8) + 5?
5
What is the value of -3 + (-5 - (-6 + 2 + 0))?
-4
Calculate 0 + 9 + (63 - 70).
2
What is 0 + (0 + 0 - 1)?
-1
(-32 - -34) + 1 + -4 + -3
-4
Evaluate -3 + -5 + 1 + 6.
-1
Calculate 5 - 2 - (0 - (-2 + 4)).
5
-2 + (8 - 5) + -8 + 4
-3
What is -3 - -1 - (0 + 0)?
-2
21 + -17 + (-8 - -1) + 13
10
What is (0 - -2) + -8 - (-33 - -30)?
-3
Calculate 2 + 0 + -1 + -8 + 5.
-2
What is -7 + -4 + 10 + 1 + 1?
1
What is the value of 7 - 10 - 0 - (-5 - 2)?
4
What is the value of 0 + (5 - -2) + -4 - -1?
4
(0 - 0) + (-23 - -6 - -15)
-2
Evaluate -10 + -10 + 15 - (0 + -8).
3
What is (-2 - 1) + (3 - 1)?
-1
Evaluate (-4 + 6 - 3) + 3.
2
-4 - (6 - (5 - -1))
-4
Calculate (1 - 1) + 1 - 1 - 2.
-2
Calculate (-5 - -3 - 1) + (-20 - -25).
2
What is the value of (0 - 3 - -3) + (0 - 3)?
-3
What is -1 - (-4 + (-4 - -5) - -2)?
0
Calculate -7 + 7 + -3 - 3 - -7.
1
Evaluate -1 + (-3 + 3 - 2) + 7.
4
What is the value of -12 + 1 - (-17 - -13)?
-7
What is the value of (6 - 2) + -11 + 3?
-4
What is 6 + -6 + (-3 - -1) + 2?
0
Calculate 3 + -1 - 6 - (-5 + -2).
3
What is (-8 + 5 - -2 - -11) + -6?
4
Calculate -7 - (-6 - (0 - -14 - 7)).
6
Calculate 7 + -3 - (1 + -2).
5
Evaluate 12 - (-5 + 12 - 6) - 5.
6
Calculate -16 + 20 - ((1 - 0) + 2).
1
What is 2 - (-1 + 6 + -4)?
1
Evaluate 5 - (-6 - 2 - -6).
7
What is the value of -2 + (-1 - (-2 - 2))?
1
Evaluate (-3 - -8 - 4) + (4 - 0).
5
What is 6 - (3 + -2 + -5 + 5)?
5
Evaluate -2 + (0 - -5) - (1 - -1).
1
Evaluate -1 + -1 + 5 + -8.
-5
1 - (2 - 3) - (50 - 44)
-4
-6 + 6 + -12 + 10
-2
Calculate -4 - 0 - (6 + 0 - 6).
-4
Calculate 8 + 5 + -2 + (-7 - -1).
5
Evaluate -10 - (5 - 9 - -4).
-10
(10 - 2 - 8) + 2
2
Evaluate -3 - (4 + -9) - 6 - -7.
3
Calculate 6 + 2 - (-6 - -14).
0
Evaluate (16 - 16) + -6 + 2.
-4
What is -4 - (6 + 0 + 3 + -7)?
-6
1 + 5 + 3 - 2
7
Evaluate (-7 + 0 - -12) + -7.
-2
Evaluate (5 - 17) + 4 + -6 + 3.
-11
What is the value of 2 + -1 + (-10 - -9)?
0
Calculate 0 + (4 + -3 - 2) - 3.
-4
What is (-2 - -1) + -15 + 14?
-2
4 - (5 - 4) - 6
-3
Calculate -6 + (3 - 1) - -7.
3
What is -6 - -5 - (-1 - (1 + 3))?
4
Evaluate 5 + (-7 - 2) + -1.
-5
-1 + 0 - (1 + -9 + 5)
2
2 - 3 - -1 - (9 + -5)
-4
Evaluate 6 + 6 + -11 + -2.
-1
Evaluate (-10 - -5 - -4) + 7.
6
Evaluate (2 - 2) + -6 - -11.
5
Evaluate -1 + (-1 - -4) + -13 + 14.
3
Calculate 5 + -4 - (0 + -1).
2
-1 + 2 - (-11 - -11)
1
Evaluate -5 + (-5 - -2) - -13.
5
What is the value of 1 + 0 + (-9 - -3) + 7?
2
-5 + (17 - 8 - 4)
0
What is (-2 - -4) + 1 + (8 - 7)?
4
(-2 - (-4 - -1)) + (0 - -8)
9
-1 + -1 + -1 + 5 + 0
2
Calculate -1 - (1 + -3) - (2 + -2).
1
What is -3 + 9 + -5 + 2?
3
What is the value of -1 + 3 + 1 + -3 - 3?
-3
Calculate -8 + (-1 - (11 + -6 - 12)).
-2
Calculate -2 + (-1 - (-7 + 2 - -1)).
1
3 + -5 + (0 + 3 - -2)
3
2 - 7 - (2 + -3 - 2)
-2
Calculate 25 + -24 - (1 + -4).
4
Evaluate 0 + 16 + -182 + 174.
8
Calculate -2 + -7 + 4 + 10.
5
-6 + 9 + -21 + 22
4
Evaluate -2 + (2 - -3) + -2 - 5.
-4
Calculate 11 - 11 - (0 - 2).
2
Evaluate (-3 - (1 + (-7 - -4))) + -2.
-3
What is the value of 0 + -3 + 5 + 0?
2
0 + 3 - (9 + -5)
-1
Calculate -3 + (-5 + 10 - -3).
5
Evaluate -1 - (0 + -3) - (-1 + -1).
4
Calculate (15 - 11) + -12 + 6 + -2.
-4
What is (4 - 8 - -8) + 4?
8
What is the value of 2 - (4 + -2 - 1) - 4?
-3
Evaluate (-4 - -4 - -1) + (-1 - -2).
2
What is -1 + -5 + (12 - 3) + 3?
6
What is (-4 - (4 + -4)) + 2 + 3?
1
Calculate 0 + -5 - (11 - 18).
2
What is the value of -7 + 1 - (47 - 53)?
0
What is (1 - 2) + -2 + 2?
-1
What is -12 + (6 - (5 + -4 + 0))?
-7
6 - (-5 - (7 - 11))
7
Evaluate (4 + -5 - 3) + 7.
3
What is the value of 2 - ((-7 - -10) + -5)?
4
What is 0 - (-3 + 0 - 3) - 2?
4
What is (6 - 4) + (-2 - 1)?
-1
What is the value of -3 - (7 + -10) - (0 - -1)?
-1
Evaluate 1 + -3 - (-34 + 21 + 12).
-1
-11 - (15 + -31 + 14)
-9
Evaluate (-1 - -11) + (43 - 47).
6
-4 + (2 - (3 + (-6 - 1)))
2
5 - (-6 + 3) - (4 + -1)
5
14 + -7 + -3 + (-10 - 2)
-8
Evaluate -11 - (3 - (5 + 9)).
0
What is 1 - 1 - (3 + -8)?
5
What is 7 - (3 + -5 - -7)?
2
What is the value of -1 + (1 - -4 - 9)?
-5
Evaluate 4 + (3 - -1) - 5.
3
What is the value of (-5 - 2) + (-4 + 14 - 7)?
-4
Calculate 1 + -2 + 2 + 1 + -2.
0
Evaluate -5 - -2 - 2 - (4 + -5).
-4
1 - ((6 - -1) + 5)
-11
Calculate 12 + -22 + (-3 - -3) + 2.
-8
4 + (0 - (6 - 7))
5
What is (1 - 3 - (-1 - -4)) + 3?
-2
Calculate 10 + -7 - (6 - 3).
0
Calculate 1 - (-5 + (3 - 2 - 0)).
5
Calculate (-6 - 0) + -16 + 23.
1
Calculate 5 - (9 + 2 + -2).
-4
Evaluate (-3 - 5) + 3 - -4.
-1
Calculate -2 + (0 - -4) - 0.
2
Calculate (2 - (12 + -5)) + 6.
1
What is the value of -5 + 21 + -4 + 1 + -4?
9
Calculate -3 + 3 + -1 + 1 + -2.
-2
Evaluate 14 + (-11 - (-14 - -11)).
6
What is the value of 1 + 4 + -3 + -7 + 2?
-3
Evaluate 2 + -3 + -5 - 2.
-8
-4